{"id":13,"date":"2014-12-22T19:38:43","date_gmt":"2014-12-22T19:38:43","guid":{"rendered":"http:\/\/www.evaengeler.ch\/?page_id=13"},"modified":"2026-03-29T13:52:35","modified_gmt":"2026-03-29T13:52:35","slug":"toepferei-eva-engeler","status":"publish","type":"page","link":"https:\/\/www.evaengeler.ch\/","title":{"rendered":"T\u00f6pferei Eva Engeler"},"content":{"rendered":"<p>Willkomm<\/p>\n<p>Ich wirke und werke in meiner T\u00f6pferei im M\u00fchleraum an der Hauptstrasse 33 in Kaltenbach, gleich neben Stein am Rhein.<\/p>\n<p>Dort stelle ich meine Keramik her. Ich arbeite mit Steinzeugton, der sich vorz\u00fcglich f\u00fcr Gebrauchs- Objekt und Gartenkeramik eignet. Der Ton h\u00e4lt eisigen Temperaturen stand und auch im Geschirrsp\u00fcler passiert nicht`s. Vielfach gebe ich mit Engoben der Keramik eine dezente und pastellige Fabigkeit. Ich mag den Ton ebenso in seiner nat\u00fcrlichen Farbgebung, keine Farbe lenkt dann von der Form des Objekt`s ab.<\/p>\n<p>Meine T\u00f6pferwaren k\u00f6nnen in Stein am Rhein im <a title=\"Unikat Laden\" href=\"http:\/\/unikat-laden.ch\" target=\"_blank\" rel=\"noopener noreferrer\">Unikat Laden<\/a> gekauft werden.<\/p>\n<p>Ihr trefft mich jeweils am Freitag im Unikat- Laden an + unregelm\u00e4ssig auch an den Wochenenden.<\/p>\n<p>Auch k\u00f6nnt ihr mich mit Voranmeldung oder gut Gl\u00fcck in der Werkstatt in Wigoltingen besuchen. Dort habe ich stets einige Keramik, die fertiggeworden ist und auf die Weiterreise wartet&#8230;..<\/p>\n<p>Unter &#8222;Aktuell&#8220; k\u00f6nnt ihr sehen was ich grad so mache, ich probiere m\u00f6glichst oft zu aktualisieren&#8230;.auch habe ich ein Facebook und instagrammaccount &#8222;evaengeler&#8220;.<\/p>\n<p>In der Rubrik &#8222;T\u00f6pferwaren&#8220; bekommt ihr einen Einblick in mein Schaffen. Die dort platzierten Foto`s\u00a0 zeigen Keramik, die eventuell schon neue Besitzer gefunden hat. Lu\u00e4gad mol inn\u00e4&#8230;.<\/p>\n\n\n<p><\/p>\n","protected":false},"excerpt":{"rendered":"<p>Willkomm Ich wirke und werke in meiner T\u00f6pferei im M\u00fchleraum an der Hauptstrasse 33 in Kaltenbach, gleich neben Stein am Rhein. Dort stelle ich meine Keramik her. Ich arbeite mit Steinzeugton, der sich vorz\u00fcglich f\u00fcr Gebrauchs- Objekt und Gartenkeramik eignet. Der Ton h\u00e4lt eisigen Temperaturen stand und auch im Geschirrsp\u00fcler passiert nicht`s. Vielfach gebe ich &hellip; <a href=\"https:\/\/www.evaengeler.ch\/\" class=\"more-link\"><span class=\"screen-reader-text\">T\u00f6pferei Eva Engeler<\/span> weiterlesen <span class=\"meta-nav\">&rarr;<\/span><\/a><\/p>\n","protected":false},"author":1,"featured_media":0,"parent":0,"menu_order":0,"comment_status":"closed","ping_status":"closed","template":"","meta":{"footnotes":""},"class_list":["post-13","page","type-page","status-publish","hentry"],"_links":{"self":[{"href":"https:\/\/www.evaengeler.ch\/index.php?rest_route=\/wp\/v2\/pages\/13","targetHints":{"allow":["GET"]}}],"collection":[{"href":"https:\/\/www.evaengeler.ch\/index.php?rest_route=\/wp\/v2\/pages"}],"about":[{"href":"https:\/\/www.evaengeler.ch\/index.php?rest_route=\/wp\/v2\/types\/page"}],"author":[{"embeddable":true,"href":"https:\/\/www.evaengeler.ch\/index.php?rest_route=\/wp\/v2\/users\/1"}],"replies":[{"embeddable":true,"href":"https:\/\/www.evaengeler.ch\/index.php?rest_route=%2Fwp%2Fv2%2Fcomments&post=13"}],"version-history":[{"count":14,"href":"https:\/\/www.evaengeler.ch\/index.php?rest_route=\/wp\/v2\/pages\/13\/revisions"}],"predecessor-version":[{"id":1847,"href":"https:\/\/www.evaengeler.ch\/index.php?rest_route=\/wp\/v2\/pages\/13\/revisions\/1847"}],"wp:attachment":[{"href":"https:\/\/www.evaengeler.ch\/index.php?rest_route=%2Fwp%2Fv2%2Fmedia&parent=13"}],"curies":[{"name":"wp","href":"https:\/\/api.w.org\/{rel}","templated":true}]}}